eatest common factor of 35 and f?
7
Let u(t) = -26*t + 12. Let s be u(-6). Suppose 3*b = -0*b + s. Let x be 338/7 + (-16)/b. What is the highest common factor of 12 and x?
12
Let i(r) = 2*r**2 + 7*r - 9. Let b be i(-8). Suppose q + b = -2*q. Let o = -6 - q. What is the highest common divisor of o and 165?
15
Let x be ((-10)/(-25))/(2/50). Let i = -6 + x. Suppose 72 = i*l + 4*p, 4*l - 4*p - 44 = -4. Calculate the highest common factor of l and 21.
7
Let v(t) = t**3 - 16*t**2 + 15*t + 1. Let o be v(15). Suppose 3*n - o = 77. Let q = -19 + n. What is the greatest common divisor of q and 63?
7
Let p be 4/8*-1*0. Suppose -4*d - 34 = -3*r, r = -p*r + 5*d + 15. What is the highest common factor of 20 and r?
10
Let f(c) = c**2 - 14*c - 33. Let l be f(17). Calculate the greatest common factor of l and 6.
6
Suppose -3*m = 0, 34 = -4*n + 2*m - 6. Let q = n + 10. Suppose -3*z + 0*z + 90 = q. Calculate the highest common divisor of 3 and z.
3
Suppose -c + 7 = j, 2*c = 7*j - 2*j - 14. Let a = c - 0. Let m be (-34)/(-4) - a/6. What is the highest common divisor of 32 and m?
8
Let x = 520 + -268. What is the greatest common factor of 90 and x?
18
Suppose -947 + 47 = -12*l. What is the highest common factor of l and 15?
15
Suppose p = 6*p - 1045. Suppose 124 = -a + 143. What is the greatest common divisor of p and a?
19
Let f be (-248)/18 + (-4)/18. Let s = f + 18. Suppose -5*j + 397 = -s*q, 6*q - 4*q - 148 = -2*j. Calculate the highest common divisor of j and 7.
7
Suppose 0 = 2*h + 9 - 23. Let n(w) = -w + 15. Let t be n(h). Suppose 3*p - p - 2*i = 66, -2*p + 63 = i. What is the highest common factor of p and t?
8
Let t = 371 - 588. Let d be t/(-2) + 17/(-34). Calculate the highest common factor of 12 and d.
12
Let b be (-240)/(-15) + (1 - -5) + -2. Calculate the greatest common divisor of 260 and b.
20
Suppose 0 = -0*n - 5*n - 35. Let q = 3 + n. Let o be (34/(-4) - q)*-8. What is the highest common divisor of o and 12?
12
Suppose 4*t = -2*n + 3*n + 6, n - t = 0. Let l(h) = -2*h**2 + 5*h**2 + 12 - 3*h - 4*h**2. Let s be l(-5). Calculate the greatest common divisor of n and s.
2
Suppose 4*d - 8*d = -x + 34, -x - 5*d = -25. What is the highest common factor of 30 and x?
30
Let t = 38 + -63. Let x = -12 - t. What is the highest common factor of x and 104?
13
Let b(k) = -k**2 - 19*k - 5. Let a be b(-16). Let l be (-1 - -79)/(0 + 1). Let z = l - a. Calculate the greatest common factor of 7 and z.
7
Let x(n) = 404*n**2 + 5*n + 2. Let v be x(2). Calculate the greatest common divisor of 44 and v.
44
Let c(x) = 3*x - 10*x - 10*x + 2*x**2 - 18. Let v be c(14). Let u be v + ((-2)/(-1) - 3). Calculate the greatest common divisor of 15 and u.
15
Suppose 3799 + 6029 = 14*x. What is the highest common factor of 6 and x?
6
Let i be 1 + 4/(4/(-17)). Let q be ((-63)/(-28))/((-6)/i). Suppose 3*a - a - 100 = -4*n, -3*n = 2*a - 99. Calculate the greatest common divisor of a and q.
6
Let x(b) = -b**3 + 3*b**2 + 4*b + 5. Let m be x(4). Suppose -43 = 4*g - 5*k, -g - 3*k - k = -m. Let p = 13 - g. Calculate the greatest common factor of 5 and p.
5
Suppose -2*c + 5*o - 13 = -41, -c - 2*o = 4. Let r = 64 - -16. Suppose 5*w = -4*x + x + 60, -c*w - r = -4*x. Calculate the greatest common divisor of 20 and x.
20
Let x be (8/10)/((-2)/(-25)). Suppose 400 = 7*z + 13*z. Calculate the highest common divisor of z and x.
10
Suppose -3*a + 9*a = -360. Let j be (0 + -1 + -1)/(6/a). Calculate the highest common divisor of j and 200.
20
Let d(u) = u**3 - u**2 - 6*u + 16. Let r be d(2). Calculate the greatest common factor of r and 1536.
8
Let d be 18/(-882)*21 + (-1350)/(-14). Calculate the highest common divisor of 2976 and d.
96
Suppose 3*c + 16 = 5*c. Calculate the highest common factor of 8 and c.
8
Suppose 2*w = -2*w - 8. Let d be (15/9 + w)*0. Suppose d*y + 90 = 5*y. Calculate the greatest common divisor of y and 45.
9
Let i(r) = r + 22. Let b be i(-17). Suppose -b*n - 11 + 1096 = 0. What is the highest common factor of n and 31?
31
Let b be 0 + -1 + 4 + -1. Suppose b*v + 1 = -5, -3*d = -5*v - 477. Calculate the highest common divisor of d and 22.
22
Let w be -2*27/(-4)*24/36. Suppose 5*p = -o - 3*o - w, o = 2*p + 14. Let f(q) = 17*q - 1. Let l be f(1). What is the highest common factor of l and o?
4
Let x be 4/74 - 2227914/(-1443). Calculate the highest common factor of x and 8.
8
Suppose -14 = 4*b - 38. Suppose b - 16 = -f. What is the greatest common divisor of 80 and f?
10
Let a = -14 + 27. Suppose -a*j = -17*j + 48. What is the highest common factor of 132 and j?
12
Let w(h) = 2*h**3 + 4*h**2 + 7*h + 8. Let d be w(-2). Let f be d*(26/(-4))/1. What is the greatest common factor of f and 26?
13
Suppose 0 = -14*i + 4256 + 3808. Calculate the highest common divisor of i and 8.
8
Let w = 224 - -576. What is the greatest common divisor of 32 and w?
32
Let j = -2042 + 2093. Calculate the greatest common divisor of j and 1377.
51
Let l = 198 - 104. Suppose -5*v + 81 = -l. Calculate the highest common factor of 7 and v.
7
Let n(l) = l**3 + l**2 - l - 3. Let y be n(0). Let b be (0/y)/(-3) - -2. Suppose -165 = -o - b*o. Calculate the highest common divisor of 5 and o.
5
Suppose t - 2*v - 35 = 0, -5*t + 7*t - 67 = v. Calculate the highest common factor of 1353 and t.
33
Suppose -4*f + 168 = -176. What is the highest common divisor of f and 129?
43
Let t be (-1)/(-7) - 585/(-315) - -110. Calculate the greatest common divisor of t and 144.
16
Suppose 4*n + 1152 = 4*o, 28*o + 1155 = 32*o - 5*n. Calculate the greatest common factor of 15 and o.
15
Let f = -3141 + 3240. Calculate the greatest common factor of f and 99.
99
Let b = -467 + 515. Let f(c) = c**2 - 9*c + 2. Let y be f(10). What is the highest common divisor of b and y?
12
Suppose 2*c = -4*t + 252, -4*c + 0*t + 516 = 4*t. Suppose -4*h + c = -0*h. Calculate the highest common factor of h and 44.
11
Let k(l) = -l + 10. Let w be k(8). Suppose 0*j - 3*j + 9 = 0, 4*j + 6 = w*t. What is the greatest common divisor of 72 and t?
9
Let s be (6/(-15))/((-1)/140). Suppose -3*b - 3*b = -42. What is the greatest common divisor of s and b?
7
Let m = -236 - -340. Calculate the highest common divisor of m and 8.
8
Suppose 0 = 7*a - 588 - 280. What is the highest common divisor of a and 8?
4
Let f be 1546/12 - 28/(-24). Calculate the highest common divisor of 30 and f.
10
Suppose -300 = -r - 3*s - 0*s, -5*r = s - 1472. Calculate the highest common factor of 24 and r.
6
Suppose 4*g - 35 = 3*l, 4*l - 4*g + 7*g = -5. Let x be (-34 + l)/(6/(-22)). Calculate the highest common divisor of x and 13.
13
Suppose 9*k - 6 = 6*k - o, 4*o - 3 = -5*k. Let y(c) = c**2 - 5*c + 3. Let f = 12 + -4. Let h be y(f). Calculate the greatest common divisor of h and k.
3
Let j be (11/(-3))/((-1)/3). Suppose -13 = 2*i - 3*y - 54, 5*y - 115 = -5*i. Calculate the greatest common factor of i and j.
11
Let l be (-2 - (0 + -2))/1. Let o be 1 + 1 - (-2 + l). Suppose -o*v + 106 = 3*m + 2*m, -5*m = 2*v - 98. Calculate the greatest common divisor of 12 and m.
6
Let q(z) = -78*z + 343. Let u be q(-15). What is the greatest common divisor of 17 and u?
17
Suppose 64 = -4*o + 6*o. Suppose 1056 = -2*q + 5*q. Calculate the greatest common divisor of o and q.
32
Suppose -120*i + 115*i = -155. What is the greatest common divisor of 4 and i?
1
Let g be 0 + -2*1 + 86. Suppose -3*a + 6 = u, -4*u = -2*a + 3*a - 46. What is the greatest common factor of g and u?
12
Let l = -127 - -330. Calculate the highest common factor of l and 29.
29
Let j = -24 - -46. Let y = -59 + 88. Suppose -r = 5*w - j, 0*r - r + 2*w = -y. Calculate the greatest common divisor of 27 and r.
27
Let c be 2 - 56/(-6) - 1/3. Suppose -c*h - 60 = -13*h. What is the greatest common divisor of h and 60?
30
Let h(q) = -q**2 + q - 5. Let c be h(-4). Let l = c + 39. What is the greatest common divisor of l and 14?
14
Suppose -3432 = -4*w - 4*w. Calculate the highest common factor of 66 and w.
33
Let r(a) = 10*a - 66. Let l be r(8). Let w = 74 + -39. What is the greatest common factor of l and w?
7
Let u(t) = 7*t**3 - 6*t**2 + 5*t - 5. Let c be u(4). Let o = c + -101. Calculate the highest common divisor of 38 and o.
38
Let l be 170 + 1 + -3 + 8. What is the highest common divisor of l and 99?
11
Let v = -1407 - -5201. Calculate the greatest c